rime factors of 5311?
47, 113
List the prime factors of 46.
2, 23
What are the prime factors of 25413?
3, 43, 197
List the prime factors of 37113.
3, 89, 139
List the prime factors of 9899.
19, 521
What are the prime factors of 134144?
2, 131
What are the prime factors of 5115?
3, 5, 11, 31
What are the prime factors of 2566?
2, 1283
What are the prime factors of 4065?
3, 5, 271
What are the prime factors of 92151?
3, 3413
List the prime factors of 21708.
2, 3, 67
List the prime factors of 2547.
3, 283
List the prime factors of 89058.
2, 3, 14843
What are the prime factors of 1571?
1571
What are the prime factors of 14758?
2, 47, 157
What are the prime factors of 21673?
21673
List the prime factors of 6500.
2, 5, 13
What are the prime factors of 22453?
22453
List the prime factors of 4617.
3, 19
What are the prime factors of 31573?
31573
What are the prime factors of 59190?
2, 3, 5, 1973
What are the prime factors of 49547?
49547
List the prime factors of 980.
2, 5, 7
What are the prime factors of 25629?
3, 8543
List the prime factors of 22245.
3, 5, 1483
List the prime factors of 4132.
2, 1033
What are the prime factors of 768?
2, 3
List the prime factors of 104909.
7, 2141
What are the prime factors of 23105?
5, 4621
What are the prime factors of 6018?
2, 3, 17, 59
List the prime factors of 20906.
2, 10453
List the prime factors of 864.
2, 3
List the prime factors of 6259.
11, 569
List the prime factors of 45745.
5, 7, 1307
What are the prime factors of 1869?
3, 7, 89
What are the prime factors of 1186?
2, 593
List the prime factors of 724.
2, 181
List the prime factors of 559.
13, 43
List the prime factors of 27806.
2, 13903
What are the prime factors of 11102?
2, 7, 13, 61
What are the prime factors of 8262?
2, 3, 17
List the prime factors of 1185.
3, 5, 79
What are the prime factors of 7298?
2, 41, 89
List the prime factors of 45211.
29, 1559
List the prime factors of 5433.
3, 1811
What are the prime factors of 9212?
2, 7, 47
List the prime factors of 958.
2, 479
What are the prime factors of 4885?
5, 977
What are the prime factors of 264?
2, 3, 11
List the prime factors of 1421.
7, 29
What are the prime factors of 2189?
11, 199
What are the prime factors of 4571?
7, 653
List the prime factors of 1300.
2, 5, 13
What are the prime factors of 221?
13, 17
What are the prime factors of 174?
2, 3, 29
What are the prime factors of 1092?
2, 3, 7, 13
What are the prime factors of 806?
2, 13, 31
What are the prime factors of 165619?
29, 5711
What are the prime factors of 1525?
5, 61
What are the prime factors of 5534?
2, 2767
What are the prime factors of 242?
2, 11
List the prime factors of 20803.
71, 293
What are the prime factors of 71353?
71353
List the prime factors of 6186.
2, 3, 1031
List the prime factors of 584.
2, 73
List the prime factors of 38640.
2, 3, 5, 7, 23
What are the prime factors of 67595?
5, 11, 1229
What are the prime factors of 25410?
2, 3, 5, 7, 11
List the prime factors of 2848.
2, 89
List the prime factors of 859.
859
What are the prime factors of 11873?
31, 383
What are the prime factors of 237?
3, 79
What are the prime factors of 10552?
2, 1319
List the prime factors of 18815.
5, 53, 71
What are the prime factors of 1656?
2, 3, 23
List the prime factors of 17838.
2, 3, 991
What are the prime factors of 11538?
2, 3, 641
What are the prime factors of 6904?
2, 863
What are the prime factors of 5801?
5801
What are the prime factors of 2650?
2, 5, 53
List the prime factors of 251.
251
What are the prime factors of 455?
5, 7, 13
List the prime factors of 76466.
2, 13, 17, 173
List the prime factors of 3588.
2, 3, 13, 23
What are the prime factors of 2397?
3, 17, 47
List the prime factors of 3124.
2, 11, 71
List the prime factors of 14755.
5, 13, 227
List the prime factors of 49389.
3, 101, 163
List the prime factors of 28308.
2, 3, 7, 337
What are the prime factors of 8663?
8663
What are the prime factors of 32673?
3, 10891
List the prime factors of 592.
2, 37
What are the prime factors of 14141?
79, 179
List the prime factors of 2214.
2, 3, 41
What are the prime factors of 12126?
2, 3, 43, 47
What are the prime factors of 1350?
2, 3, 5
What are the prime factors of 1369?
37
What are the prime factors of 664?
2, 83
What are the prime factors of 2453?
11, 223
What are the prime factors of 149146?
2, 74573
List the prime factors of 1480.
2, 5, 37
What are the prime factors of 597?
3, 199
What are the prime factors of 771?
3, 257
List the prime factors of 31611.
3, 41, 257
List the prime factors of 20792.
2, 23, 113
What are the prime factors of 2747?
41, 67
List the prime factors of 28999.
47, 617
What are the prime factors of 6581?
6581
List the prime factors of 2201.
31, 71
What are the prime factors of 1407?
3, 7, 67
List the prime factors of 3145.
5, 17, 37
List the prime factors of 10873.
83, 131
What are the prime factors of 3495?
3, 5, 233
What are the prime factors of 6134?
2, 3067
What are the prime factors of 2252?
2, 563
List the prime factors of 1152.
2, 3
What are the prime factors of 1521?
3, 13
List the prime factors of 8979.
3, 41, 73
List the prime factors of 260.
2, 5, 13
List the prime factors of 44711.
44711
List the prime factors of 800.
2, 5
List the prime factors of 8121.
3, 2707
List the prime factors of 2115.
3, 5, 47
What are the prime factors of 39716?
2, 9929
List the prime factors of 3872.
2, 11
What are the prime factors of 907?
907
List the prime factors of 35337.
3, 11779
What are the prime factors of 21984?
2, 3, 229
List the prime factors of 879.
3, 293
What are the prime factors of 4516?
2, 1129
List the prime factors of 1912.
2, 239
What are the prime factors of 9937?
19, 523
What are the prime factors of 41024?
2, 641
What are the prime factors of 48284?
2, 12071
List the prime factors of 128780.
2, 5, 47, 137
List the prime factors of 318.
2, 3, 53
What are the prime factors of 5688?
2, 3, 79
List the prime factors of 43948.
2, 10987
What are the prime factors of 4099?
4099
List the prime factors of 2640.
2, 3, 5, 11
List the prime factors of 903.
3, 7, 43
List the prime factors of 32280.
2, 3, 5, 269
List the prime factors of 8672.
2, 271
What are the prime factors of 37?
37
What are the prime factors of 1424?
2, 89
What are the prime factors of 29270?
2, 5, 2927
List the prime factors of 96618.
2, 3, 16103
List the prime factors of 1429.
1429
List the prime factors of 950.
2, 5, 19
What are the prime factors of 6327?
3, 19, 37
List the prime factors of 49882.
2, 7, 509
List the prime factors of 29893.
167, 179
What are the prime factors of 80?
2, 5
List the prime factors of 4819.
61, 79
List the prime factors of 49601.
193, 257
List the prime factors of 26958.
2, 3, 4493
What are the prime factors of 13694?
2, 41, 167
What are the prime factors of 112961?
37, 43, 71
What are the prime factors of 732?
2, 3, 61
List the prime factors of 1594.
2, 797
What are the prime factors of 5807?
5807
What are the prime factors of 1600?
2, 5
List the prime factors of 23480.
2, 5, 587
What are the prime factors of 17091?
3, 211
What are the prime factors of 1342?
2, 11, 61
List the prime factors of 11149.
11149
What are the prime factors of 58130?
2, 5, 5813
What are the prime factors of 98707?
7, 59, 239
List the prime factors of 19758.
2, 3, 37, 89
What are the prime factors of 1077?
3, 359
What are the prime factors of 4495?
5, 29, 31
List the prime factors of 7823.
7823
What are the prime factors of 607?
607
What are the prime factors of 6367?
6367
What are the prime factors of 1936?
2, 11
What are the prime factors of 657?
3, 73
List the prime factors of 3042.
2, 3, 13
What are the prime factors of 7581?
3, 7, 19
List the prime factors of 992.
2, 31
What are the prime factors of 24698?
2, 53, 233
List the prime factors of 3316.
2, 829
List the prime factors of 6988.
2, 1747
List the prime factors of 31915.
5, 13, 491
What are the prime factors of 2602?
2, 1301
List the prime factors of 3198.
2, 3, 13, 41
List the prime factors of 23216.
2, 1451
What are the prime factors of 982?
2, 491
List the prime factors of 43734.
2, 3, 37, 197
What are the prime factors of 119835?
3, 5, 2663
What are the prime factors of 1084?
2, 271
What are the prime factors of 1304?
2, 163
What are the prime factors o